3223821?
1
What is the thousands digit of 2243041834?
1
What is the units digit of 18799330?
0
What is the units digit of 653262474?
4
What is the ten thousands digit of 79094689?
9
What is the ten millions digit of 1888222095?
8
What is the ten thousands digit of 162132893?
3
What is the tens digit of 87039098?
9
What is the units digit of 5322728?
8
What is the millions digit of 5098596505?
8
What is the units digit of 287716777?
7
What is the hundred thousands digit of 70791199?
7
What is the millions digit of 3686083131?
6
What is the units digit of 1425112256?
6
What is the ten millions digit of 269142658?
6
What is the tens digit of 98295454?
5
What is the tens digit of 201519534?
3
What is the millions digit of 6052992522?
2
What is the hundred millions digit of 627788281?
6
What is the ten thousands digit of 281116849?
1
What is the thousands digit of 32120854?
0
What is the ten millions digit of 36340870?
3
What is the millions digit of 573043614?
3
What is the hundreds digit of 1627064786?
7
What is the thousands digit of 110061242?
1
What is the tens digit of 555826606?
0
What is the units digit of 108703742?
2
What is the hundreds digit of 31424714?
7
What is the thousands digit of 77044036?
4
What is the tens digit of 1609899659?
5
What is the millions digit of 377955906?
7
What is the millions digit of 18036159?
8
What is the hundreds digit of 1062622047?
0
What is the ten thousands digit of 1570936249?
3
What is the ten thousands digit of 1338710678?
1
What is the thousands digit of 72927761?
7
What is the tens digit of 2347563713?
1
What is the hundred thousands digit of 93833661?
8
What is the hundreds digit of 16666620?
6
What is the ten thousands digit of 122996714?
9
What is the thousands digit of 37777693?
7
What is the thousands digit of 798008366?
8
What is the ten millions digit of 94335213?
9
What is the thousands digit of 42177720?
7
What is the units digit of 1544969479?
9
What is the hundreds digit of 3777701019?
0
What is the ten thousands digit of 27188323?
8
What is the ten thousands digit of 19932875?
3
What is the tens digit of 95182276?
7
What is the hundreds digit of 36184801?
8
What is the ten millions digit of 249041100?
4
What is the tens digit of 110785520?
2
What is the ten millions digit of 69380842?
6
What is the ten thousands digit of 873881210?
8
What is the thousands digit of 82706003?
6
What is the hundred thousands digit of 9454356?
4
What is the ten millions digit of 38611795?
3
What is the hundred millions digit of 3053274648?
0
What is the tens digit of 9392461?
6
What is the millions digit of 160981233?
0
What is the ten thousands digit of 3820468165?
6
What is the ten millions digit of 21375832?
2
What is the hundred thousands digit of 66240575?
2
What is the hundreds digit of 146966367?
3
What is the hundred thousands digit of 46954280?
9
What is the tens digit of 22928728?
2
What is the units digit of 200548599?
9
What is the ten thousands digit of 986460658?
6
What is the hundreds digit of 350440454?
4
What is the ten thousands digit of 159113030?
1
What is the hundred thousands digit of 145513095?
5
What is the millions digit of 150460541?
0
What is the ten thousands digit of 3327955513?
5
What is the billions digit of 1326590655?
1
What is the ten thousands digit of 129931748?
3
What is the millions digit of 1209769081?
9
What is the ten thousands digit of 1159983547?
8
What is the ten millions digit of 33025157?
3
What is the hundreds digit of 163737314?
3
What is the thousands digit of 876223912?
3
What is the hundred thousands digit of 70128836?
1
What is the millions digit of 202177250?
2
What is the tens digit of 19071056?
5
What is the thousands digit of 2726227413?
7
What is the hundred thousands digit of 12072443?
0
What is the units digit of 5217801340?
0
What is the units digit of 54789924?
4
What is the units digit of 63476621?
1
What is the ten millions digit of 16821489?
1
What is the hundred thousands digit of 403621498?
6
What is the hundreds digit of 133404483?
4
What is the thousands digit of 131862608?
2
What is the thousands digit of 34773447?
3
What is the hundreds digit of 15091722?
7
What is the tens digit of 858991825?
2
What is the ten thousands digit of 24352221?
5
What is the hundred thousands digit of 319156764?
1
What is the hundred millions digit of 1324539095?
3
What is the tens digit of 150612148?
4
What is the ten thousands digit of 1285436492?
3
What is the ten thousands digit of 60533596?
3
What is the ten millions digit of 903080806?
0
What is the thousands digit of 442717330?
7
What is the hundred thousands digit of 207812335?
8
What is the units digit of 610853788?
8
What is the hundred millions digit of 323802910?
3
What is the units digit of 632457310?
0
What is the ten thousands digit of 7819603502?
0
What is the tens digit of 2576106495?
9
What is the hundreds digit of 22541931?
9
What is the hundreds digit of 143025729?
7
What is the hundred millions digit of 430261590?
4
What is the thousands digit of 284853232?
3
What is the ten millions digit of 120973347?
2
What is the thousands digit of 2226257499?
7
What is the ten thousands digit of 173935443?
3
What is the hundred millions digit of 1996026344?
9
What is the tens digit of 1182618685?
8
What is the ten thousands digit of 869421877?
2
What is the ten thousands digit of 60430977?
3
What is the hundreds digit of 74793521?
5
What is the hundreds digit of 20366675?
6
What is the ten thousands digit of 76954076?
5
What is the hundred thousands digit of 7623883369?
8
What is the ten millions digit of 48918033?
4
What is the ten millions digit of 85658129?
8
What is the ten thousands digit of 264396491?
9
What is the thousands digit of 107503703?
3
What is the millions digit of 139264116?
9
What is the ten millions digit of 3900235141?
0
What is the millions digit of 3587082687?
7
What is the thousands digit of 67878171?
8
What is the ten thousands digit of 1530280?
3
What is the hundred thousands digit of 1536279238?
2
What is the ten thousands digit of 4071079?
7
What is the thousands digit of 222761960?
1
What is the hundred thousands digit of 674500170?
5
What is the millions digit of 13704094?
3
What is the tens digit of 33211974?
7
What is the units digit of 121431167?
7
What is the ten millions digit of 19106367?
1
What is the ten thousands digit of 507063667?
6
What is the hundred thousands digit of 44688790?
6
What is the tens digit of 320491504?
0
What is the tens digit of 23055629?
2
What is the hundred thousands digit of 155627357?
6
What is the tens digit of 1746752558?
5
What is the ten thousands digit of 276889398?
8
What is the hundreds digit of 89423728?
7
What is the ten millions digit of 110694559?
1
What is the millions digit of 976153367?
6
What is the hundreds digit of 96544142?
1
What is the hundred thousands digit of 2255809068?
8
What is the thousands digit of 87512505?
2
What is the millions digit of 4254438?
4
What is the tens digit of 859472201?
0
What is the hundreds digit of 2964799635?
6
What is the hundreds digit of 3788223876?
8
What is the ten millions digit of 538438465?
3
What is the hundred millions digit of 3222917785?
2
What is the hundred thousands digit of 118270390?
2
What is the hundred thousands digit of 1232341686?
3
What is the ten thousands digit of 72462780?
6
What is the thousands digit of 1196801085?
1
What is the hundred thousands digit of 8989166?
9
What is the tens digit of 590623181?
8
What is the hundred thousands digit of 453285639?
2
What is the tens digit of 50320806?
0
What is the ten thousands digit of 2933233676?
3
What is the tens digit of 760373307?
0
What is the hundred millions digit of 1054479185?
0
What is the ten millions digit of 796213505?
9
What is the ten millions digit of 1305090397?
0
What is the tens digit of 90020441?
4
What is the ten millions digit of 192859551?
9
What is the ten thousands digit of 15357604?
5
What is the hundreds digit of 186062400?
4
What is the millions digit of 84726021?
4
What is the thousands digit of 5801186138?
6
What is the thousands digit of 40056231?
6
What is the ten thousands digit of 4581918155?
1
What is the units digit of 16665171?
1
What is the millions digit of 136541626?
6
What is 